et q(d) = -6*d - t + 5*d - 3. Let v be (1 - 0)/(3/(-15)). What is q(v)?
-6
Let a(z) = -z**3 - 3*z**2 + 2*z - 5. Suppose 3*c = -2*t + 25, 0*t = 3*t - 15. Suppose r + 0*r + c*q + 14 = 0, 4*q = -8. Give a(r).
3
Suppose 3*x = 8*x - 10. Let v(a) = 0*a**x + 5*a**2 + 3 + 2*a - 4*a**2. Determine v(-3).
6
Let l(z) = z**2 + 3*z + 2. Let u be l(-3). Let y(b) = -32*b**2 - 2*b + 36*b**u + 1 + 5*b + 3*b**3 - 2*b**3. Determine y(-2).
3
Let v(w) = -w**2 + w - 5. Let f be v(0). Let u(b) = -13*b + 1. Let h(m) = 14*m - 1. Let l(a) = f*h(a) - 6*u(a). What is l(1)?
7
Let h(t) = -2*t. Let c(o) = o. Let j(u) = 3*c(u) + 4*h(u). Calculate j(-1).
5
Suppose 6*y - y = -4*v + 3, -24 = -3*y + 5*v. Let x(k) = k - 5*k**y - 2 + 6*k**3 - 5*k**2 + 3 + 2*k. Calculate x(4).
-3
Suppose 6 = -n - 5*g, -2*n - 4*g + 4 = n. Let i(w) = w**3 - 3*w**2 - 3*w + 6. Give i(n).
10
Let z(i) = -9*i - 76. Let p be z(-9). Let g(k) = -k**2 + 5*k - 1. Determine g(p).
-1
Let b(j) be the first derivative of -2*j**2 - 1. Let l(f) be the first derivative of -f**4/4 + f**3/3 + f**2/2 + f + 4. Let n be l(0). Determine b(n).
-4
Let y(j) be the third derivative of -j**6/120 + j**5/15 - j**4/8 - j**3/2 + 8*j**2. Determine y(3).
-3
Let j(g) = 3*g - 2. Let z be j(2). Suppose 0 = -l + 5*a - 4*a - 9, 0 = -l + z*a - 21. Let w(n) = -n**3 - 6*n**2 - 6*n - 5. What is w(l)?
0
Let q(b) be the third derivative of b**6/120 + b**5/12 + b**4/4 + b**3/3 - 2*b**2. Suppose -5*v + 4 = 24. What is q(v)?
-6
Let u(n) = 8*n - 3. Suppose 0 = -4*m - m + 10. Calculate u(m).
13
Let l(c) = -7*c + 5. Let x(t) = -13*t + 9. Let u(k) = 7*l(k) - 4*x(k). Suppose 5*d + 2*o + 2 = -2*o, -5*d + 22 = -4*o. Suppose 5*n = 3*n - d. What is u(n)?
-4
Let g = 12 - 14. Let h be g/(-24)*3*12. Let x(s) = -s**3 + 4*s**2 - 4*s + 4. Calculate x(h).
1
Let n(f) = 5*f - 4. Let u(g) = -2*g + 14. Let x be u(11). Let c = -5 - x. Give n(c).
11
Let a = -1 + 1. Let w(p) be the second derivative of p**3/6 - 3*p**2 - 8*p. Determine w(a).
-6
Let t(o) = -o - 12. Let y be t(-6). Let u(h) = h**2 + 7*h - 1. Give u(y).
-7
Let m(r) = -5*r**2 + 5*r + 3 + 43*r**3 - 122*r**3 + 36*r**3 + 42*r**3. Suppose -5*a - 20 - 22 = -4*q, 2*q - 6 = 0. Determine m(a).
9
Let f(g) = -7*g + 1. Let d(q) = q. Let v(s) = -6*d(s) - f(s). Determine v(7).
6
Let t(u) = -u - 3. Let i(v) = 13*v - 2. Let y be i(2). Suppose -5*s - y - 1 = 0. Give t(s).
2
Let n(t) = 12 - 1 - 11 + t. Let k = -3 + 9. Calculate n(k).
6
Suppose -5*q - d = -8, 0*q + 4*q = d + 1. Let u(s) = -2*s - 3 + q + 3 - 4. Calculate u(-2).
1
Let g(a) be the second derivative of -a**6/120 + a**5/15 + 5*a**4/24 - a**3/3 - 3*a**2/2 + 3*a. Let c(k) be the first derivative of g(k). What is c(5)?
-2
Let q(a) = a**3 - 2*a**2 - a. Suppose 4*z - 3 = 5. Give q(z).
-2
Suppose -5*c = -4*n + 40, 0 = -0*n + 2*n + c - 6. Suppose 4*w - 5*h - 5 = 0, -3*w + 2*w = -3*h - 3. Let l(a) = -a - a + 0*a + w*a. Give l(n).
-10
Suppose -5 = 2*m - 3. Let f(d) = d**2 - d. Let z(n) = -6*n**3 + 2*n**2 - 3*n + 1. Let o(q) = -3*f(q) + z(q). What is o(m)?
6
Let i(z) = 5*z + 5. Let t(j) = j + 1. Let a(p) = i(p) - 2*t(p). Calculate a(-4).
-9
Let k(a) = 2*a + 4. Let z(u) = -3*u - 7. Let i(f) = 5*k(f) + 3*z(f). What is i(3)?
2
Let l(t) = -t**3 + 2*t**2 + 5*t - 3. Let c be l(3). Let p(v) be the first derivative of v + c - v**2 - 2 + 5*v. Determine p(4).
-2
Let d(o) = -4*o - 4. Let l be d(-3). Let k(u) = -u - l - 7 + 6. Give k(0).
-9
Let t(q) = 2*q**3 - 4*q**2 + 2*q. Suppose -10 = 3*n - 46. Suppose r = 3*u + 3*r - n, -2*r = -4*u + 2. Determine t(u).
4
Let z(f) = -f**3 - 4*f**2 + 11*f - 5. Let g be z(-6). Let c(m) = 3 - 3 - 6*m + 1. What is c(g)?
-5
Let k = 22 + -65/3. Let n(v) be the first derivative of v**2 + 2*v - k*v**3 - 3. Calculate n(4).
-6
Suppose 3*k + 15 = 0, -4*p = 5*k + 11 + 14. Let v(z) = -2 + 3*z + p*z - 8*z. Determine v(-3).
13
Let h(r) = 8 + 0 + r + 0*r. What is h(6)?
14
Let z(d) = 2*d - 4. Let w(b) = -3*b + 5. Let t(r) = -4*w(r) - 5*z(r). Give t(1).
2
Suppose -j + 2*j - 8 = 0. Suppose 5*v - 5*q - 140 = 0, -12 - j = -v + 5*q. Suppose g - b - 17 = 4*g, 5*g + 2*b = -v. Let l(a) = a**2 + 6*a + 5. Calculate l(g).
-3
Suppose b - 27 + 30 = 0. Let g(d) = 3*d + 3. What is g(b)?
-6
Let x(t) = t**2 + 5*t - 5. Let q = -7 + 5. Let w be (q + 3)/(1/(-14)). Let y = w - -9. Give x(y).
-5
Let n be (-43)/9 - (-8)/(-36). Suppose -2*i - 6 = -i. Let s(u) = -3*u + 12. Let t(h) = 4*h - 13. Let r(z) = i*s(z) - 5*t(z). Give r(n).
3
Let j(p) = p**2 - 12. Let d(o) = o - 5. Let m be d(5). Calculate j(m).
-12
Suppose 24 = -3*z - z. Let j be (-10)/25*(-5)/1. Let i(l) = -3 + 0 + 0 - 2 - j*l. Give i(z).
7
Let u be 2/(-10) + 1/5. Let h(m) = -3 + u - 6*m - 1 - m**2 - m. Determine h(-6).
2
Suppose 8*z + 24 = 10*z. Suppose 4*v - 2*v + z = 0. Let l(m) = 0*m**2 - 2*m**2 + 6*m + 3*m**2 - 4. Calculate l(v).
-4
Let u(x) = -4*x**3 - x**2 + 4*x + 5. Let k(b) = b**3 - b + 1. Let i(m) = 3*k(m) + u(m). Determine i(0).
8
Let l(j) = 2*j + 1. Let t = -30 - -28. Determine l(t).
-3
Let q(o) = -o**3 + 11*o**2 + 13*o - 13. Let i be q(12). Let a(g) = 6*g**3 + 2*g**2 + g. What is a(i)?
-5
Let b = -3 - -6. Let d(n) = -7*n**2 + b*n**3 - 2 + 2*n**2 - 2*n**3 + 2*n**2. Give d(3).
-2
Let u(o) = o**3 - 2*o**2 + 1. Let h be u(1). Let g(v) be the first derivative of v**2/2 - 3*v - 9. Calculate g(h).
-3
Let p(i) = -14*i**3 - 5*i**2 + 2*i - 5. Let y(f) = -f**3 - f**2 - 1. Let s(d) = p(d) - 6*y(d). Suppose 0 = 3*h + 3. What is s(h)?
8
Suppose -5*d = -2*d. Let z(w) = -w + w - w + d. Let b be -2 - (1 + 1 + -1). Determine z(b).
3
Let w(g) be the third derivative of g**4/24 - 5*g**3/6 + 3*g**2. Determine w(6).
1
Let f(t) = -2*t**2 - 2*t + 4. Let n be (-18)/(-12)*(-4)/(-3). Determine f(n).
-8
Suppose -3*y = -5*y. Suppose -b = -0 - 1, 2*q - 2*b + 28 = y. Let f = q + 8. Let a(z) = -z**2 - 3*z + 3. Calculate a(f).
-7
Suppose 6*b - 4*b = 0. Let c(k) = -k + 15. What is c(b)?
15
Let w(y) be the first derivative of -y**4/4 + 2*y**3 - 3*y**2/2 - 2*y + 7. Give w(5).
8
Let a(s) = s**2 + 7*s + 2. Let c(z) = -2*z**2 - 13*z - 4. Let m(u) = 5*a(u) + 3*c(u). Let v = 20 - 25. What is m(v)?
-7
Let g(k) = 0*k**2 + 2*k**3 - 2*k**2 - k**2 + k + 1. What is g(2)?
7
Let t(d) be the third derivative of d**6/120 - d**5/30 - d**4/12 - d**3/2 - 15*d**2. Determine t(3).
0
Let s(n) = n**3 + 2*n**2 - 7*n - 5. Let v be 34/9 - 4/(-18). Suppose 0 = v*i + i + 20. Determine s(i).
-9
Let l(k) = -3 - 3*k - k**2 + 0*k + 0. Suppose 3*p + 4*y = 2*y + 64, -4*p = -2*y - 76. Let x be (-3)/(-2) - 90/p. Determine l(x).
-3
Let j(m) = -m**2 - m + 6. Let k(a) = -1. Suppose 0*y + y - 2 = 0. Let o be (y - (-14)/(-6))*3. Let n(c) = o*j(c) - 6*k(c). Determine n(-3).
6
Suppose -2*g - 2 = 3*j - 2*j, -10 = 5*g. Let u(y) be the first derivative of -2*y**j - 1/3*y**3 - 2 - 3*y. Calculate u(-4).
-3
Let l(h) = 10*h**3 + h**2 + h + 1. Let p be (3 - 4)*(-1)/2*-2. Calculate l(p).
-9
Let u(z) = 2*z**2 - 2. Let d be u(2). Suppose y + 5 = k, -d*y + y - 25 = 5*k. Let w(j) = -4*j - 8. Let c(p) = 3*p + 5. Let n(b) = -7*c(b) - 5*w(b). Give n(k).
5
Let g(f) = -f + 2. Suppose 0 = 3*q - 4*r - 18, 2*q + 3*r - 10 = 5*r. Let d(b) = 1 + b + b**2 + 2*b**2 + 2*b**3 - b**2 - 3*b**3. Let p be d(q). What is g(p)?
-1
Let i = 66 + -67. Let a(n) = -n**2 - n + 1. Determine a(i).
1
Let f = 7 - 18. Let q = 10 + f. Let s(h) = -h**3 - 2*h**2 - 9*h**3 + 3*h**2. Calculate s(q).
11
Let d be (6/9)/(2/18). Suppose -4*p - d = -26. Let g(m) = -3*m + 6. Calculate g(p).
-9
Let i(a) = -6*a**2 + 14*a + 21. Let d(f) = f**2 - 3*f - 4. Let y(p) = 11*d(p) + 2*i(p). Calculate y(-5).
-2
Let d(h) = -3*h**2 - 9*h + 1. Let p(i) = 2*i**2 + 6*i - 1. Let f(t) = 5*d(t) + 7*p(t). Give f(-3).
-2
Let r = -5 + 9. Let f = 5 - r. Let c(l) = -2 + 3*l - 2*l - f + 4. Determine c(-6).
-5
Let s be 5 + -2*(-2)/(-2). Let c = 1 - s. Let o(h) = -h**3 - 4*h**2 - 3*h - 1. Calculate o(c).
-3
Let f = -5 - -22. Suppose 4*d - f = 5*z + d, -2*z = -2*d + 10. Let m(g) = -3*g + 1. Calculate m(z).
4
Let o(v) = v**3 + 4*v**2 - 6*v. Let a(j) = j**2 - 5*j + 1. Let t be a(4). Let p be (-1 - t - 6) + -1. What is o(p)?
5
Let u(s) be the second derivative of -s**3/6 - 6*s. What is u(0)?
0
Suppose -2*i + 4*z + 8 = 2*z, -2*i = 4*z - 38. Let a(f) = -f**3 + 8*f**2 + 9*f + 6. Determine a(i).
6
Let x(f) = f**3 - 7*f**2 + 2. Let i be x(7). Let u(g) = -10*g - 6. Let n(d) = 3*d + 2.